
--
-- Table structure for table `pjtfu_ucm_history`
--

CREATE TABLE `pjtfu_ucm_history` (
  `version_id` int(10) unsigned NOT NULL AUTO_INCREMENT,
  `ucm_item_id` int(10) unsigned NOT NULL,
  `ucm_type_id` int(10) unsigned NOT NULL,
  `version_note` varchar(255) COLLATE utf8mb4_unicode_ci NOT NULL DEFAULT '' COMMENT 'Optional version name',
  `save_date` datetime NOT NULL DEFAULT '0000-00-00 00:00:00',
  `editor_user_id` int(10) unsigned NOT NULL DEFAULT '0',
  `character_count` int(10) unsigned NOT NULL DEFAULT '0' COMMENT 'Number of characters in this version.',
  `sha1_hash` varchar(50) COLLATE utf8mb4_unicode_ci NOT NULL DEFAULT '' COMMENT 'SHA1 hash of the version_data column.',
  `version_data` longtext COLLATE utf8mb4_unicode_ci NOT NULL COMMENT 'json-encoded string of version data',
  `keep_forever` tinyint(4) NOT NULL DEFAULT '0' COMMENT '0=auto delete; 1=keep',
  PRIMARY KEY (`version_id`),
  KEY `idx_ucm_item_id` (`ucm_type_id`,`ucm_item_id`),
  KEY `idx_save_date` (`save_date`)
) ENGINE=InnoDB DEFAULT CHARSET=utf8mb4 COLLATE=utf8mb4_unicode_ci;

--
-- Dumping data for table `pjtfu_ucm_history`
--


--
-- Table structure for table `pjtfu_update_sites`
--

CREATE TABLE `pjtfu_update_sites` (
  `update_site_id` int(11) NOT NULL AUTO_INCREMENT,
  `name` varchar(100) COLLATE utf8mb4_unicode_ci DEFAULT '',
  `type` varchar(20) COLLATE utf8mb4_unicode_ci DEFAULT '',
  `location` mediumtext COLLATE utf8mb4_unicode_ci NOT NULL,
  `enabled` int(11) DEFAULT '0',
  `last_check_timestamp` bigint(20) DEFAULT '0',
  `extra_query` varchar(1000) COLLATE utf8mb4_unicode_ci DEFAULT '',
  PRIMARY KEY (`update_site_id`)
) ENGINE=InnoDB AUTO_INCREMENT=24 DEFAULT CHARSET=utf8mb4 COLLATE=utf8mb4_unicode_ci COMMENT='Update Sites';

--
-- Dumping data for table `pjtfu_update_sites`
--

INSERT INTO `pjtfu_update_sites` VALUES (1,'Joomla! Core','collection','https://update.joomla.org/core/sts/list_sts.xml',1,1528388020,''),(2,'Joomla! Extension Directory','collection','https://update.joomla.org/jed/list.xml',1,1528388021,''),(3,'Accredited Joomla! Translations','collection','https://update.joomla.org/language/translationlist_3.xml',1,1528388022,''),(4,'J!German Language Updates','collection','http://update.jgerman.de/translationlist.xml',1,1528388022,''),(6,'Akeeba Backup Professional','extension','http://cdn.akeebabackup.com/updates/abpro.xml',1,1528388022,''),(7,'Joomla! Update Component Update Site','extension','https://update.joomla.org/core/extensions/com_joomlaupdate.xml',1,1528388023,''),(8,'JCE Editor Updates','extension','https://www.joomlacontenteditor.net/index.php?option=com_updates&view=update&format=xml&id=1&file=extension.xml',0,0,''),(9,'Dutch Language Updates','collection','http://download.joomlacommunity.eu/downloads/updates/translationlist_3.xml',1,1528388023,''),(10,'Weblinks Update Site','extension','https://raw.githubusercontent.com/joomla-extensions/weblinks/master/manifest.xml',1,1528388023,''),(11,'MOD_FEWESTREAD','extension','https://joomla-extensions.kubik-rubik.de/scripts/update-servers/mod_fewestread.xml',1,1528388024,''),(14,'Akeeba GeoIP Provider Plugin','extension','http://cdn.akeebabackup.com/updates/akgeoip.xml',1,1528388024,''),(15,'WebInstaller Update Site','extension','http://appscdn.joomla.org/webapps/jedapps/webinstaller.xml',1,1528388024,''),(16,'Accredited Joomla! Translations','collection','http://update.joomla.org/language/translationlist_3.xml',1,1528388025,''),(20,'Admin Tools Professional','extension','http://cdn.akeebabackup.com/updates/pkgadmintoolspro.xml',1,1528388026,'dlid=639ae5e901dc2063112cf9d4296c9996'),(21,'JCE Editor Package','collection','https://www.joomlacontenteditor.net/index.php?option=com_updates&view=update&format=xml&file=pkg_jce.xml',1,1528388026,''),(23,'FOF 3.x','extension','http://cdn.akeebabackup.com/updates/fof3.xml',1,1528388027,'');

--
-- Table structure for table `pjtfu_update_sites_extensions`
--

CREATE TABLE `pjtfu_update_sites_extensions` (
  `update_site_id` int(11) NOT NULL DEFAULT '0',
  `extension_id` int(11) NOT NULL DEFAULT '0',
  PRIMARY KEY (`update_site_id`,`extension_id`)
) ENGINE=InnoDB DEFAULT CHARSET=utf8mb4 COLLATE=utf8mb4_unicode_ci COMMENT='Links extensions to update sites';

--
-- Dumping data for table `pjtfu_update_sites_extensions`
--

INSERT INTO `pjtfu_update_sites_extensions` VALUES (1,700),(2,700),(3,802),(3,10008),(3,10014),(3,10022),(3,10026),(3,10030),(3,10033),(3,10066),(3,10082),(3,10119),(4,10008),(6,10036),(7,28),(8,10049),(9,10066),(10,801),(11,10083),(14,10091),(15,10094),(16,10022),(16,10030),(16,10033),(20,10108),(21,10114),(23,10122);

--
-- Table structure for table `pjtfu_updates`
--

CREATE TABLE `pjtfu_updates` (
  `update_id` int(11) NOT NULL AUTO_INCREMENT,
  `update_site_id` int(11) DEFAULT '0',
  `extension_id` int(11) DEFAULT '0',
  `name` varchar(100) COLLATE utf8mb4_unicode_ci DEFAULT '',
  `description` mediumtext COLLATE utf8mb4_unicode_ci NOT NULL,
  `element` varchar(100) COLLATE utf8mb4_unicode_ci DEFAULT '',
  `type` varchar(20) COLLATE utf8mb4_unicode_ci DEFAULT '',
  `folder` varchar(20) COLLATE utf8mb4_unicode_ci DEFAULT '',
  `client_id` tinyint(3) DEFAULT '0',
  `version` varchar(32) COLLATE utf8mb4_unicode_ci DEFAULT '',
  `data` mediumtext COLLATE utf8mb4_unicode_ci NOT NULL,
  `detailsurl` mediumtext COLLATE utf8mb4_unicode_ci NOT NULL,
  `infourl` mediumtext COLLATE utf8mb4_unicode_ci NOT NULL,
  `extra_query` varchar(1000) COLLATE utf8mb4_unicode_ci DEFAULT '',
  PRIMARY KEY (`update_id`)
) ENGINE=InnoDB AUTO_INCREMENT=83 DEFAULT CHARSET=utf8mb4 COLLATE=utf8mb4_unicode_ci COMMENT='Available Updates';

--
-- Dumping data for table `pjtfu_updates`
--

INSERT INTO `pjtfu_updates` VALUES (1,3,10066,'Dutch','','pkg_nl-NL','package','',0,'3.8.8.1','','https://update.joomla.org/language/details3/nl-NL_details.xml','',''),(2,3,0,'Esperanto','','pkg_eo-XX','package','',0,'3.8.8.1','','https://update.joomla.org/language/details3/eo-XX_details.xml','',''),(3,3,0,'Estonian','','pkg_et-EE','package','',0,'3.7.0.1','','https://update.joomla.org/language/details3/et-EE_details.xml','',''),(4,3,0,'Italian','','pkg_it-IT','package','',0,'3.8.8.1','','https://update.joomla.org/language/details3/it-IT_details.xml','',''),(5,3,0,'Khmer','','pkg_km-KH','package','',0,'3.4.5.1','','https://update.joomla.org/language/details3/km-KH_details.xml','',''),(6,3,0,'Korean','','pkg_ko-KR','package','',0,'3.8.7.3','','https://update.joomla.org/language/details3/ko-KR_details.xml','',''),(7,3,0,'Latvian','','pkg_lv-LV','package','',0,'3.7.3.1','','https://update.joomla.org/language/details3/lv-LV_details.xml','',''),(8,3,0,'Macedonian','','pkg_mk-MK','package','',0,'3.6.5.1','','https://update.joomla.org/language/details3/mk-MK_details.xml','',''),(9,1,700,'Joomla','','joomla','file','',0,'3.8.8','','https://update.joomla.org/core/sts/extension_sts.xml','',''),(10,3,10030,'Norwegian Bokmal','','pkg_nb-NO','package','',0,'3.8.8.1','','https://update.joomla.org/language/details3/nb-NO_details.xml','',''),(11,3,0,'Persian','','pkg_fa-IR','package','',0,'3.8.8.1','','https://update.joomla.org/language/details3/fa-IR_details.xml','',''),(12,3,0,'Polish','','pkg_pl-PL','package','',0,'3.8.8.2','','https://update.joomla.org/language/details3/pl-PL_details.xml','',''),(13,3,0,'Portuguese','','pkg_pt-PT','package','',0,'3.8.2.1','','https://update.joomla.org/language/details3/pt-PT_details.xml','',''),(14,3,0,'Russian','','pkg_ru-RU','package','',0,'3.8.2.1','','https://update.joomla.org/language/details3/ru-RU_details.xml','',''),(15,3,0,'English AU','','pkg_en-AU','package','',0,'3.8.8.1','','https://update.joomla.org/language/details3/en-AU_details.xml','',''),(16,3,0,'Slovak','','pkg_sk-SK','package','',0,'3.8.8.1','','https://update.joomla.org/language/details3/sk-SK_details.xml','',''),(17,3,0,'English US','','pkg_en-US','package','',0,'3.8.8.1','','https://update.joomla.org/language/details3/en-US_details.xml','',''),(18,3,10033,'Swedish','','pkg_sv-SE','package','',0,'3.8.8.1','','https://update.joomla.org/language/details3/sv-SE_details.xml','',''),(19,3,0,'Syriac','','pkg_sy-IQ','package','',0,'3.4.5.1','','https://update.joomla.org/language/details3/sy-IQ_details.xml','',''),(20,3,0,'Tamil','','pkg_ta-IN','package','',0,'3.8.8.1','','https://update.joomla.org/language/details3/ta-IN_details.xml','',''),(21,3,0,'Thai','','pkg_th-TH','package','',0,'3.8.7.1','','https://update.joomla.org/language/details3/th-TH_details.xml','',''),(22,3,0,'Turkish','','pkg_tr-TR','package','',0,'3.8.2.1','','https://update.joomla.org/language/details3/tr-TR_details.xml','',''),(23,3,0,'Ukrainian','','pkg_uk-UA','package','',0,'3.7.1.1','','https://update.joomla.org/language/details3/uk-UA_details.xml','',''),(24,3,0,'Uyghur','','pkg_ug-CN','package','',0,'3.7.5.1','','https://update.joomla.org/language/details3/ug-CN_details.xml','',''),(25,3,0,'Albanian','','pkg_sq-AL','package','',0,'3.1.1.2','','https://update.joomla.org/language/details3/sq-AL_details.xml','',''),(26,3,0,'Basque','','pkg_eu-ES','package','',0,'3.7.5.1','','https://update.joomla.org/language/details3/eu-ES_details.xml','',''),(27,3,0,'Hindi','','pkg_hi-IN','package','',0,'3.3.6.2','','https://update.joomla.org/language/details3/hi-IN_details.xml','',''),(28,3,10008,'German DE','','pkg_de-DE','package','',0,'3.8.8.1','','https://update.joomla.org/language/details3/de-DE_details.xml','',''),(29,3,0,'Portuguese Brazil','','pkg_pt-BR','package','',0,'3.8.8.1','','https://update.joomla.org/language/details3/pt-BR_details.xml','',''),(30,3,0,'Serbian Latin','','pkg_sr-YU','package','',0,'3.8.8.1','','https://update.joomla.org/language/details3/sr-YU_details.xml','',''),(31,3,10119,'Spanish','','pkg_es-ES','package','',0,'3.8.8.1','','https://update.joomla.org/language/details3/es-ES_details.xml','',''),(32,3,0,'Bosnian','','pkg_bs-BA','package','',0,'3.8.8.1','','https://update.joomla.org/language/details3/bs-BA_details.xml','',''),(33,3,0,'Serbian Cyrillic','','pkg_sr-RS','package','',0,'3.8.8.1','','https://update.joomla.org/language/details3/sr-RS_details.xml','',''),(34,3,0,'Vietnamese','','pkg_vi-VN','package','',0,'3.2.1.2','','https://update.joomla.org/language/details3/vi-VN_details.xml','',''),(35,3,0,'Bahasa Indonesia','','pkg_id-ID','package','',0,'3.6.2.1','','https://update.joomla.org/language/details3/id-ID_details.xml','',''),(36,3,10022,'Finnish','','pkg_fi-FI','package','',0,'3.8.1.1','','https://update.joomla.org/language/details3/fi-FI_details.xml','',''),(37,3,0,'Swahili','','pkg_sw-KE','package','',0,'3.8.8.1','','https://update.joomla.org/language/details3/sw-KE_details.xml','',''),(38,3,0,'Montenegrin','','pkg_srp-ME','package','',0,'3.3.1.2','','https://update.joomla.org/language/details3/srp-ME_details.xml','',''),(39,3,0,'English CA','','pkg_en-CA','package','',0,'3.8.8.1','','https://update.joomla.org/language/details3/en-CA_details.xml','',''),(40,3,0,'French CA','','pkg_fr-CA','package','',0,'3.6.5.1','','https://update.joomla.org/language/details3/fr-CA_details.xml','',''),(41,3,0,'Welsh','','pkg_cy-GB','package','',0,'3.8.5.1','','https://update.joomla.org/language/details3/cy-GB_details.xml','',''),(42,3,0,'Sinhala','','pkg_si-LK','package','',0,'3.3.1.2','','https://update.joomla.org/language/details3/si-LK_details.xml','',''),(43,3,0,'Dari Persian','','pkg_prs-AF','package','',0,'3.4.4.2','','https://update.joomla.org/language/details3/prs-AF_details.xml','',''),(44,3,0,'Turkmen','','pkg_tk-TM','package','',0,'3.5.0.2','','https://update.joomla.org/language/details3/tk-TM_details.xml','',''),(45,3,0,'Irish','','pkg_ga-IE','package','',0,'3.8.7.1','','https://update.joomla.org/language/details3/ga-IE_details.xml','',''),(46,3,0,'Dzongkha','','pkg_dz-BT','package','',0,'3.6.2.1','','https://update.joomla.org/language/details3/dz-BT_details.xml','',''),(47,3,0,'Slovenian','','pkg_sl-SI','package','',0,'3.8.8.1','','https://update.joomla.org/language/details3/sl-SI_details.xml','',''),(48,3,0,'Spanish CO','','pkg_es-CO','package','',0,'3.8.6.1','','https://update.joomla.org/language/details3/es-CO_details.xml','',''),(49,3,0,'German CH','','pkg_de-CH','package','',0,'3.8.8.1','','https://update.joomla.org/language/details3/de-CH_details.xml','',''),(50,3,0,'German AT','','pkg_de-AT','package','',0,'3.8.8.1','','https://update.joomla.org/language/details3/de-AT_details.xml','',''),(51,3,0,'German LI','','pkg_de-LI','package','',0,'3.8.8.1','','https://update.joomla.org/language/details3/de-LI_details.xml','',''),(52,3,0,'German LU','','pkg_de-LU','package','',0,'3.8.8.1','','https://update.joomla.org/language/details3/de-LU_details.xml','',''),(53,3,0,'English NZ','','pkg_en-NZ','package','',0,'3.8.8.1','','https://update.joomla.org/language/details3/en-NZ_details.xml','',''),(54,10,801,'Weblinks Extension Package','Joomla! CMS Weblinks Package','pkg_weblinks','package','',0,'3.6.0','','https://raw.githubusercontent.com/joomla-extensions/weblinks/master/manifest.xml','https://github.com/joomla-extensions/weblinks/releases/tag/3.6.0',''),(55,11,10083,'FRC - Fewest Read Content','Displays the fewest or most-read articles in Joomla! with many features','mod_fewestread','module','',0,'3.2.1','','https://joomla-extensions.kubik-rubik.de/scripts/update-servers/mod_fewestread.xml','https://joomla-extensions.kubik-rubik.de/frc-fewest-read-content',''),(56,14,0,'Akeeba GeoIP Provider Plugin','Akeeba GeoIP Provider Plugin','akgeoip','plugin','system',1,'2.0.0','','http://cdn.akeebabackup.com/updates/akgeoip.xml','https://www.akeebabackup.com/component/ars/?view=Items&release_id=2632',''),(57,15,10094,'Installer - Install from Web','This plugin offers functionality for the \'Install from Web\' tab.','webinstaller','plugin','installer',0,'1.1.1','','http://appscdn.joomla.org/webapps/jedapps/webinstaller.xml','http://docs.joomla.org/Install_from_Web',''),(58,16,0,'Armenian','','pkg_hy-AM','package','',0,'3.4.4.1','','https://update.joomla.org/language/details3/hy-AM_details.xml','',''),(59,16,0,'Malay','','pkg_ms-MY','package','',0,'3.4.1.2','','https://update.joomla.org/language/details3/ms-MY_details.xml','',''),(60,16,0,'Romanian','','pkg_ro-RO','package','',0,'3.7.3.1','','https://update.joomla.org/language/details3/ro-RO_details.xml','',''),(61,16,0,'Flemish','','pkg_nl-BE','package','',0,'3.8.8.1','','https://update.joomla.org/language/details3/nl-BE_details.xml','',''),(62,16,0,'Chinese Traditional','','pkg_zh-TW','package','',0,'3.8.0.1','','https://update.joomla.org/language/details3/zh-TW_details.xml','',''),(63,16,10026,'French','','pkg_fr-FR','package','',0,'3.8.8.1','','https://update.joomla.org/language/details3/fr-FR_details.xml','',''),(64,16,0,'Galician','','pkg_gl-ES','package','',0,'3.3.1.2','','https://update.joomla.org/language/details3/gl-ES_details.xml','',''),(65,16,0,'Georgian','','pkg_ka-GE','package','',0,'3.8.8.1','','https://update.joomla.org/language/details3/ka-GE_details.xml','',''),(66,16,0,'Greek','','pkg_el-GR','package','',0,'3.8.8.3','','https://update.joomla.org/language/details3/el-GR_details.xml','',''),(67,16,0,'Japanese','','pkg_ja-JP','package','',0,'3.8.8.1','','https://update.joomla.org/language/details3/ja-JP_details.xml','',''),(68,16,0,'Hebrew','','pkg_he-IL','package','',0,'3.1.1.2','','https://update.joomla.org/language/details3/he-IL_details.xml','',''),(69,16,0,'Bengali','','pkg_bn-BD','package','',0,'3.8.5.1','','https://update.joomla.org/language/details3/bn-BD_details.xml','',''),(70,16,0,'Hungarian','','pkg_hu-HU','package','',0,'3.8.7.1','','https://update.joomla.org/language/details3/hu-HU_details.xml','',''),(71,16,0,'Afrikaans','','pkg_af-ZA','package','',0,'3.8.7.1','','https://update.joomla.org/language/details3/af-ZA_details.xml','',''),(72,16,0,'Arabic Unitag','','pkg_ar-AA','package','',0,'3.7.5.1','','https://update.joomla.org/language/details3/ar-AA_details.xml','',''),(73,16,0,'Belarusian','','pkg_be-BY','package','',0,'3.2.1.2','','https://update.joomla.org/language/details3/be-BY_details.xml','',''),(74,16,0,'Bulgarian','','pkg_bg-BG','package','',0,'3.6.5.2','','https://update.joomla.org/language/details3/bg-BG_details.xml','',''),(75,16,0,'Catalan','','pkg_ca-ES','package','',0,'3.8.3.3','','https://update.joomla.org/language/details3/ca-ES_details.xml','',''),(76,16,0,'Chinese Simplified','','pkg_zh-CN','package','',0,'3.8.8.1','','https://update.joomla.org/language/details3/zh-CN_details.xml','',''),(77,16,0,'Croatian','','pkg_hr-HR','package','',0,'3.8.5.1','','https://update.joomla.org/language/details3/hr-HR_details.xml','',''),(78,16,0,'Czech','','pkg_cs-CZ','package','',0,'3.8.8.1','','https://update.joomla.org/language/details3/cs-CZ_details.xml','',''),(79,16,10014,'Danish','','pkg_da-DK','package','',0,'3.8.8.1','','https://update.joomla.org/language/details3/da-DK_details.xml','',''),(80,20,10108,'Admin Tools Professional package','Admin Tools Professional package','pkg_admintools','package','',0,'5.1.2','','http://cdn.akeebabackup.com/updates/pkgadmintoolspro.xml','https://www.akeebabackup.com/component/ars/?view=Items&release_id=2827','dlid=639ae5e901dc2063112cf9d4296c9996'),(81,21,10114,'JCE Editor Core','','pkg_jce','package','',0,'2.6.30','','https://www.joomlacontenteditor.net/index.php?option=com_updates&view=update&format=xml&file=pkg_jce.xml','https://www.joomlacontenteditor.net/news/jce-pro-2-6-30-released',''),(82,23,0,'FOF 3.x Stable','FOF 3.x Stable','lib_fof30','library','',1,'3.3.4','','http://cdn.akeebabackup.com/updates/fof3.xml','https://www.akeebabackup.com/component/ars/?view=Items&release_id=2821','');

--
-- Table structure for table `pjtfu_user_keys`
--

CREATE TABLE `pjtfu_user_keys` (
  `id` int(10) unsigned NOT NULL AUTO_INCREMENT,
  `user_id` varchar(150) COLLATE utf8mb4_unicode_ci NOT NULL,
  `token` varchar(255) COLLATE utf8mb4_unicode_ci NOT NULL,
  `series` varchar(191) COLLATE utf8mb4_unicode_ci NOT NULL,
  `invalid` tinyint(4) NOT NULL,
  `time` varchar(200) COLLATE utf8mb4_unicode_ci NOT NULL,
  `uastring` varchar(255) COLLATE utf8mb4_unicode_ci NOT NULL,
  PRIMARY KEY (`id`),
  UNIQUE KEY `series` (`series`),
  UNIQUE KEY `series_2` (`series`),
  UNIQUE KEY `series_3` (`series`),
  KEY `user_id` (`user_id`)
) ENGINE=InnoDB AUTO_INCREMENT=4 DEFAULT CHARSET=utf8mb4 COLLATE=utf8mb4_unicode_ci;

--
-- Dumping data for table `pjtfu_user_keys`
--

INSERT INTO `pjtfu_user_keys` VALUES (3,'kn-hove@online.no','$2y$10$6YQvCkFr.DOMpU9T6.UKaeW/Bsjzi.XC0gWWVvjVJe2bJ82OI2Ik2','NhKCIBODWZx61zoECfF8',0,'1485261243','joomla_remember_me_e4aa53f757d00bb83e4d99c47b512ed2');

--
-- Table structure for table `pjtfu_user_notes`
--

CREATE TABLE `pjtfu_user_notes` (
  `id` int(10) unsigned NOT NULL AUTO_INCREMENT,
  `user_id` int(10) unsigned NOT NULL DEFAULT '0',
  `catid` int(10) unsigned NOT NULL DEFAULT '0',
  `subject` varchar(100) COLLATE utf8mb4_unicode_ci NOT NULL DEFAULT '',
  `body` mediumtext COLLATE utf8mb4_unicode_ci NOT NULL,
  `state` tinyint(3) NOT NULL DEFAULT '0',
  `checked_out` int(10) unsigned NOT NULL DEFAULT '0',
  `checked_out_time` datetime NOT NULL DEFAULT '0000-00-00 00:00:00',
  `created_user_id` int(10) unsigned NOT NULL DEFAULT '0',
  `created_time` datetime NOT NULL DEFAULT '0000-00-00 00:00:00',
  `modified_user_id` int(10) unsigned NOT NULL,
  `modified_time` datetime NOT NULL DEFAULT '0000-00-00 00:00:00',
  `review_time` datetime NOT NULL DEFAULT '0000-00-00 00:00:00',
  `publish_up` datetime NOT NULL DEFAULT '0000-00-00 00:00:00',
  `publish_down` datetime NOT NULL DEFAULT '0000-00-00 00:00:00',
  PRIMARY KEY (`id`),
  KEY `idx_user_id` (`user_id`),
  KEY `idx_category_id` (`catid`)
) ENGINE=InnoDB AUTO_INCREMENT=4 DEFAULT CHARSET=utf8mb4 COLLATE=utf8mb4_unicode_ci;

--
-- Dumping data for table `pjtfu_user_notes`
--

INSERT INTO `pjtfu_user_notes` VALUES (1,81,113,'Lösenord','<p><span style=\"font-family: Lucida Grande;\"><span style=\"font-size: 12pt;\">Lösenord: france</span></span></p>\r\n<p> </p>\r\n<p><span style=\"font-family: Lucida Grande;\"><span style=\"font-size: 12pt;\"> </span></span><span style=\"font-size: 12pt;\"><span style=\"font-family: Comic Sans MS;\"><strong>Véronique CHOUTEAU<br /> </strong></span><span style=\"font-family: Lucida Grande;\"><br /> </span><span style=\"font-family: Comic Sans MS;\">Naturopathe - Nutrithérapeute<br /> </span><span style=\"font-family: Lucida Grande;\"><br /> </span><span style=\"font-family: Comic Sans MS;\">01 69 30 76 81 - 06 81 28 23 91<br /> </span><span style=\"font-family: Lucida Grande;\"><br /> </span><span style=\"font-family: Comic Sans MS;\">www.nutrivitae.fr <<span style=\"color: #0000ff;\"><span style=\"text-decoration: underline;\"><a href=\"http://www.nutrivitae.fr\">http://www.nutrivitae.fr</a></span></span>> </span></span></p>',1,0,'0000-00-00 00:00:00',10,'2015-01-20 14:55:21',10,'2015-01-30 11:53:38','0000-00-00 00:00:00','0000-00-00 00:00:00','0000-00-00 00:00:00'),(2,82,113,'Lösenord','<p>lösenord: germany</p>',1,0,'0000-00-00 00:00:00',10,'2015-01-30 11:51:39',10,'2015-01-30 11:53:25','0000-00-00 00:00:00','0000-00-00 00:00:00','0000-00-00 00:00:00'),(3,79,113,'Lösenord','<p>Lösenord: england</p>',1,0,'0000-00-00 00:00:00',10,'2015-01-30 11:52:48',10,'2015-01-30 11:53:13','0000-00-00 00:00:00','0000-00-00 00:00:00','0000-00-00 00:00:00');

--
-- Table structure for table `pjtfu_user_profiles`
--

CREATE TABLE `pjtfu_user_profiles` (
  `user_id` int(11) NOT NULL,
  `profile_key` varchar(100) COLLATE utf8mb4_unicode_ci NOT NULL,
  `profile_value` mediumtext COLLATE utf8mb4_unicode_ci NOT NULL,
  `ordering` int(11) NOT NULL DEFAULT '0',
  UNIQUE KEY `idx_user_id_profile_key` (`user_id`,`profile_key`)
) ENGINE=InnoDB DEFAULT CHARSET=utf8mb4 COLLATE=utf8mb4_unicode_ci COMMENT='Simple user profile storage table';

--
-- Dumping data for table `pjtfu_user_profiles`
--


--
-- Table structure for table `pjtfu_user_usergroup_map`
--

CREATE TABLE `pjtfu_user_usergroup_map` (
  `user_id` int(10) unsigned NOT NULL DEFAULT '0' COMMENT 'Foreign Key to #__users.id',
  `group_id` int(10) unsigned NOT NULL DEFAULT '0' COMMENT 'Foreign Key to #__usergroups.id',
  PRIMARY KEY (`user_id`,`group_id`)
) ENGINE=InnoDB DEFAULT CHARSET=utf8mb4 COLLATE=utf8mb4_unicode_ci;

--
-- Dumping data for table `pjtfu_user_usergroup_map`
--

INSERT INTO `pjtfu_user_usergroup_map` VALUES (10,8),(66,8),(70,5),(73,8),(79,5),(81,5),(82,5),(94,2),(94,8),(106,4);

--
-- Table structure for table `pjtfu_usergroups`
--

CREATE TABLE `pjtfu_usergroups` (
  `id` int(10) unsigned NOT NULL AUTO_INCREMENT COMMENT 'Primary Key',
  `parent_id` int(10) unsigned NOT NULL DEFAULT '0' COMMENT 'Adjacency List Reference Id',
  `lft` int(11) NOT NULL DEFAULT '0' COMMENT 'Nested set lft.',
  `rgt` int(11) NOT NULL DEFAULT '0' COMMENT 'Nested set rgt.',
  `title` varchar(100) COLLATE utf8mb4_unicode_ci NOT NULL DEFAULT '',
  PRIMARY KEY (`id`),
  UNIQUE KEY `idx_usergroup_parent_title_lookup` (`parent_id`,`title`),
  KEY `idx_usergroup_title_lookup` (`title`),
  KEY `idx_usergroup_adjacency_lookup` (`parent_id`),
  KEY `idx_usergroup_nested_set_lookup` (`lft`,`rgt`)
) ENGINE=InnoDB AUTO_INCREMENT=9 DEFAULT CHARSET=utf8mb4 COLLATE=utf8mb4_unicode_ci;

--
-- Dumping data for table `pjtfu_usergroups`
--

INSERT INTO `pjtfu_usergroups` VALUES (1,0,1,20,'Public'),(2,1,6,17,'Registered'),(3,2,7,14,'Author'),(4,3,8,11,'Editor'),(5,4,9,10,'Publisher'),(6,1,2,5,'Manager'),(7,6,3,4,'Administrator'),(8,1,18,19,'Super Users');

--
-- Table structure for table `pjtfu_users`
--

CREATE TABLE `pjtfu_users` (
  `id` int(11) NOT NULL AUTO_INCREMENT,
  `name` varchar(400) COLLATE utf8mb4_unicode_ci NOT NULL DEFAULT '',
  `username` varchar(150) COLLATE utf8mb4_unicode_ci NOT NULL DEFAULT '',
  `email` varchar(100) COLLATE utf8mb4_unicode_ci NOT NULL DEFAULT '',
  `password` varchar(100) COLLATE utf8mb4_unicode_ci NOT NULL DEFAULT '',
  `block` tinyint(4) NOT NULL DEFAULT '0',
  `sendEmail` tinyint(4) DEFAULT '0',
  `registerDate` datetime NOT NULL DEFAULT '0000-00-00 00:00:00',
  `lastvisitDate` datetime NOT NULL DEFAULT '0000-00-00 00:00:00',
  `activation` varchar(100) COLLATE utf8mb4_unicode_ci NOT NULL DEFAULT '',
  `params` mediumtext COLLATE utf8mb4_unicode_ci NOT NULL,
  `lastResetTime` datetime NOT NULL DEFAULT '0000-00-00 00:00:00' COMMENT 'Date of last password reset',
  `resetCount` int(11) NOT NULL DEFAULT '0' COMMENT 'Count of password resets since lastResetTime',
  `otpKey` varchar(1000) COLLATE utf8mb4_unicode_ci NOT NULL DEFAULT '' COMMENT 'Two factor authentication encrypted keys',
  `otep` varchar(1000) COLLATE utf8mb4_unicode_ci NOT NULL DEFAULT '' COMMENT 'One time emergency passwords',
  `requireReset` tinyint(4) NOT NULL DEFAULT '0' COMMENT 'Require user to reset password on next login',
  PRIMARY KEY (`id`),
  KEY `idx_block` (`block`),
  KEY `username` (`username`),
  KEY `email` (`email`),
  KEY `idx_name` (`name`(100))
) ENGINE=InnoDB AUTO_INCREMENT=107 DEFAULT CHARSET=utf8mb4 COLLATE=utf8mb4_unicode_ci;

--
-- Dumping data for table `pjtfu_users`
--

INSERT INTO `pjtfu_users` VALUES (10,'Jan Sjunnesson','jan@sjunnesson.nu','jan@sjunnesson.nu','$2y$10$bIlbp4SFRSCUaVxlaXRiS.8diWxat4.t2yuq2nGw.wx9DssqTIZjO',0,1,'2013-09-16 22:16:34','2018-06-07 16:15:54','0','{\"admin_style\":\"\",\"admin_language\":\"sv-SE\",\"language\":\"sv-SE\",\"editor\":\"\",\"helpsite\":\"\",\"timezone\":\"\"}','0000-00-00 00:00:00',0,'','',0),(66,'Knut Hove','kn-hove@online.no','kh@pc-horse.com','$2y$10$qaMu09A4QUaVNXlA8ecjUuqGu7Odq.aCCQkXShsPAxnnO8dj/91Bu',0,0,'2008-09-19 11:16:25','2018-02-16 14:57:58','','{\"admin_language\":\"nb-NO\",\"language\":\"nb-NO\",\"editor\":\"jce\",\"helpsite\":\"\",\"timezone\":\"\",\"admin_style\":\"\"}','0000-00-00 00:00:00',0,'','',0),(70,'Eric Clausen','efc@seges.dk','efc@seges.dk','$2y$10$.2/JFPDccQkiuJ3SH1BrRuJwRazm1B75ei22KQvTN4yR1zD0koZ8q',0,0,'2008-10-03 17:15:31','2015-02-02 11:47:18','','{\"admin_language\":\"da-DK\",\"language\":\"da-DK\",\"editor\":\"jce\",\"helpsite\":\"\",\"timezone\":\"\",\"admin_style\":\"\"}','0000-00-00 00:00:00',0,'','',0),(73,'Joakim Hove','joakim.hove@gmail.com','joakim.hove@gmail.com','$2y$10$iB6lxIjUVFW.xwIIHLIZpeAcNGMog2nMsEQ73sMQOQh2QRNZEN5dS',0,0,'2008-11-10 11:38:17','2016-10-26 06:16:28','','{\"admin_language\":\"nb-NO\",\"language\":\"nb-NO\",\"editor\":\"jce\",\"helpsite\":\"\",\"timezone\":\"\",\"admin_style\":\"\"}','0000-00-00 00:00:00',0,'','',0),(79,'Terry Miles','Terry Miles','tmiles21@gmail.com','$2y$10$5/WnHIvoZExLMVzTqqg7l.eBcurEf8AWPY6WKaA5GBFA.qUWPPyGS',0,0,'2011-10-11 15:49:04','2012-01-05 10:45:52','','{\"admin_language\":\"en-GB\",\"language\":\"en-GB\",\"editor\":\"\",\"helpsite\":\"\",\"timezone\":\"\",\"admin_style\":\"\"}','0000-00-00 00:00:00',0,'','',0),(81,'Véronique Chouteau','vchouteau@gmail.com','vchouteau@gmail.com','$2y$10$qgvt88ow1R1viAUUAjMHH.JoR7OVP2QxqkzCNco/ATFQB6.PpA8j2',0,0,'2015-01-12 09:27:17','2017-12-16 17:35:58','','{\"admin_style\":\"\",\"admin_language\":\"fr-FR\",\"language\":\"fr-FR\",\"editor\":\"\",\"helpsite\":\"\",\"timezone\":\"\"}','0000-00-00 00:00:00',0,'','',0),(82,'Wencke Bösch','wenckeboesch@gmail.com','wenckeboesch@gmail.com','$2y$10$RBRUdzrDhZRckJZEXuwv1u/KNyIoMLGA5qXbc2fKlS64SqhyZPS4O',0,0,'2015-01-12 10:12:42','2015-02-25 10:22:24','','{\"admin_style\":\"\",\"admin_language\":\"de-DE\",\"language\":\"de-DE\",\"editor\":\"\",\"helpsite\":\"\",\"timezone\":\"\"}','0000-00-00 00:00:00',0,'','',0),(94,'Erik Hårdén','Erik Hårdén','info@erikharden.se','$2y$10$vsXUmKg2Q.n7qfeDE2uY.uFaLIng5zN9VpWseGcNvstEslGtZAuCK',0,0,'2015-05-25 12:58:29','2018-02-21 14:20:04','','{\"admin_style\":\"\",\"admin_language\":\"\",\"language\":\"\",\"editor\":\"\",\"helpsite\":\"\",\"timezone\":\"\"}','0000-00-00 00:00:00',0,'','',0),(106,'Satu Yrjanen','Satu Yrjanen','Satu.Yrjanen@vilomix.fi','$2y$10$hdfdXNGTolKQr6DDQ0HYS.PU/DapunpJOXgcZSvPzals8SJfysDW2',0,0,'2016-05-07 08:00:06','2017-12-03 09:43:07','','{\"admin_style\":\"\",\"admin_language\":\"fi-FI\",\"language\":\"fi-FI\",\"editor\":\"\",\"helpsite\":\"\",\"timezone\":\"\"}','0000-00-00 00:00:00',0,'','',0);

--
-- Table structure for table `pjtfu_utf8_conversion`
--

CREATE TABLE `pjtfu_utf8_conversion` (
  `converted` tinyint(4) NOT NULL DEFAULT '0'
) ENGINE=InnoDB DEFAULT CHARSET=utf8mb4 COLLATE=utf8mb4_unicode_ci;

--
-- Dumping data for table `pjtfu_utf8_conversion`
--

INSERT INTO `pjtfu_utf8_conversion` VALUES (2);

--
-- Table structure for table `pjtfu_viewlevels`
--

CREATE TABLE `pjtfu_viewlevels` (
  `id` int(10) unsigned NOT NULL AUTO_INCREMENT COMMENT 'Primary Key',
  `title` varchar(100) COLLATE utf8mb4_unicode_ci NOT NULL DEFAULT '',
  `ordering` int(11) NOT NULL DEFAULT '0',
  `rules` varchar(5120) COLLATE utf8mb4_unicode_ci NOT NULL COMMENT 'JSON encoded access control.',
  PRIMARY KEY (`id`),
  UNIQUE KEY `idx_assetgroup_title_lookup` (`title`)
) ENGINE=InnoDB AUTO_INCREMENT=4 DEFAULT CHARSET=utf8mb4 COLLATE=utf8mb4_unicode_ci;

--
-- Dumping data for table `pjtfu_viewlevels`
--

INSERT INTO `pjtfu_viewlevels` VALUES (1,'Public',0,'[1]'),(2,'Registered',1,'[6,2,8]'),(3,'Special',2,'[6,3,8]');

--
-- Table structure for table `pjtfu_weblinks`
--

CREATE TABLE `pjtfu_weblinks` (
  `id` int(10) unsigned NOT NULL AUTO_INCREMENT,
  `catid` int(11) NOT NULL DEFAULT '0',
  `title` varchar(250) NOT NULL DEFAULT '',
  `alias` varchar(255) CHARACTER SET utf8 COLLATE utf8_bin NOT NULL DEFAULT '',
  `url` varchar(250) NOT NULL DEFAULT '',
  `description` text NOT NULL,
  `hits` int(11) NOT NULL DEFAULT '0',
  `state` tinyint(1) NOT NULL DEFAULT '0',
  `checked_out` int(11) NOT NULL DEFAULT '0',
  `checked_out_time` datetime NOT NULL DEFAULT '0000-00-00 00:00:00',
  `ordering` int(11) NOT NULL DEFAULT '0',
  `access` int(11) NOT NULL DEFAULT '1',
  `params` text NOT NULL,
  `language` char(7) NOT NULL DEFAULT '',
  `created` datetime NOT NULL DEFAULT '0000-00-00 00:00:00',
  `created_by` int(10) unsigned NOT NULL DEFAULT '0',
  `created_by_alias` varchar(255) NOT NULL DEFAULT '',
  `modified` datetime NOT NULL DEFAULT '0000-00-00 00:00:00',
  `modified_by` int(10) unsigned NOT NULL DEFAULT '0',
  `metakey` text NOT NULL,
  `metadesc` text NOT NULL,
  `metadata` text NOT NULL,
  `featured` tinyint(3) unsigned NOT NULL DEFAULT '0' COMMENT 'Set if link is featured.',
  `xreference` varchar(50) NOT NULL COMMENT 'A reference to enable linkages to external data sets.',
  `publish_up` datetime NOT NULL DEFAULT '0000-00-00 00:00:00',
  `publish_down` datetime NOT NULL DEFAULT '0000-00-00 00:00:00',
  `version` int(10) unsigned NOT NULL DEFAULT '1',
  `images` text NOT NULL,
  PRIMARY KEY (`id`),
  KEY `idx_access` (`access`),
  KEY `idx_checkout` (`checked_out`),
  KEY `idx_state` (`state`),
  KEY `idx_catid` (`catid`),
  KEY `idx_createdby` (`created_by`),
  KEY `idx_featured_catid` (`featured`,`catid`),
  KEY `idx_language` (`language`),
  KEY `idx_xreference` (`xreference`)
) ENGINE=InnoDB DEFAULT CHARSET=utf8;

--
-- Dumping data for table `pjtfu_weblinks`
--


--
-- Table structure for table `pjtfu_wf_profiles`
--

CREATE TABLE `pjtfu_wf_profiles` (
  `id` int(11) NOT NULL AUTO_INCREMENT,
  `name` varchar(255) NOT NULL,
  `description` text NOT NULL,
  `users` text NOT NULL,
  `types` text NOT NULL,
  `components` text NOT NULL,
  `area` tinyint(3) NOT NULL,
  `device` varchar(255) NOT NULL,
  `rows` text NOT NULL,
  `plugins` text NOT NULL,
  `published` tinyint(3) NOT NULL,
  `ordering` int(11) NOT NULL,
  `checked_out` tinyint(3) NOT NULL,
  `checked_out_time` datetime NOT NULL,
  `params` text NOT NULL,
  PRIMARY KEY (`id`)
) ENGINE=MyISAM AUTO_INCREMENT=5 DEFAULT CHARSET=utf8;

--
-- Dumping data for table `pjtfu_wf_profiles`
--

INSERT INTO `pjtfu_wf_profiles` VALUES (1,'Default','Default Profile for all users','','6,7,3,4,5,8','',0,'desktop,tablet,phone','help,newdocument,undo,redo,spacer,bold,italic,underline,strikethrough,justifyfull,justifycenter,justifyleft,justifyright,spacer,blockquote,formatselect,styleselect,removeformat,cleanup;fontselect,fontsizeselect,forecolor,backcolor,spacer,clipboard,indent,outdent,lists,sub,sup,textcase,charmap,hr;directionality,fullscreen,preview,source,print,searchreplace,spacer,table;visualaid,visualchars,visualblocks,nonbreaking,style,xhtmlxtras,anchor,unlink,link,imgmanager,spellchecker,article','charmap,contextmenu,browser,inlinepopups,media,help,clipboard,searchreplace,directionality,fullscreen,preview,source,table,textcase,print,style,nonbreaking,visualchars,visualblocks,xhtmlxtras,imgmanager,anchor,link,spellchecker,article,lists,formatselect,styleselect,fontselect,fontsizeselect,fontcolor,hr',1,1,0,'0000-00-00 00:00:00','{\"editor\":{\"dir\":\"\\/images-joomla\"}}'),(2,'Front End','Sample Front-end Profile','','3,4,5','',1,'desktop,tablet,phone','help,newdocument,undo,redo,spacer,bold,italic,underline,strikethrough,justifyfull,justifycenter,justifyleft,justifyright,spacer,formatselect,styleselect;clipboard,searchreplace,indent,outdent,lists,cleanup,charmap,removeformat,hr,sub,sup,textcase,nonbreaking,visualchars,visualblocks;fullscreen,preview,print,visualaid,style,xhtmlxtras,anchor,unlink,link,imgmanager,spellchecker,article','charmap,contextmenu,inlinepopups,help,clipboard,searchreplace,fullscreen,preview,print,style,textcase,nonbreaking,visualchars,visualblocks,xhtmlxtras,imgmanager,anchor,link,spellchecker,article,lists,formatselect,styleselect,hr',0,2,0,'0000-00-00 00:00:00',''),(3,'Blogger','Simple Blogging Profile','','3,4,5,6,8,7','',0,'desktop,tablet,phone','bold,italic,strikethrough,lists,blockquote,spacer,justifyleft,justifycenter,justifyright,spacer,link,unlink,imgmanager,article,spellchecker,fullscreen,kitchensink;formatselect,styleselect,underline,justifyfull,clipboard,removeformat,charmap,indent,outdent,undo,redo,help','link,imgmanager,article,spellchecker,fullscreen,kitchensink,clipboard,contextmenu,inlinepopups,lists,formatselect,styleselect,hr',0,3,0,'0000-00-00 00:00:00','{\"editor\":{\"toggle\":\"0\"}}'),(4,'Mobile','Sample Mobile Profile','','3,4,5,6,8,7','',0,'tablet,phone','undo,redo,spacer,bold,italic,underline,formatselect,spacer,justifyleft,justifycenter,justifyfull,justifyright,spacer,fullscreen,kitchensink;styleselect,lists,spellchecker,article,link,unlink','fullscreen,kitchensink,spellchecker,article,link,inlinepopups,lists,formatselect,styleselect',0,4,0,'0000-00-00 00:00:00','{\"editor\":{\"toolbar_theme\":\"mobile\",\"resizing\":\"0\",\"resize_horizontal\":\"0\",\"resizing_use_cookie\":\"0\",\"toggle\":\"0\",\"links\":{\"popups\":{\"default\":\"\",\"jcemediabox\":{\"enable\":\"0\"},\"window\":{\"enable\":\"0\"}}}}}');

--
-- Table structure for table `pjtfu_widgetkit_widget`
--

CREATE TABLE `pjtfu_widgetkit_widget` (
  `id` int(11) NOT NULL AUTO_INCREMENT,
  `type` varchar(255) NOT NULL,
  `style` varchar(255) NOT NULL,
  `name` varchar(255) NOT NULL,
  `content` longtext NOT NULL,
  `created` datetime NOT NULL,
  `modified` datetime NOT NULL,
  PRIMARY KEY (`id`)
) ENGINE=MyISAM AUTO_INCREMENT=13 DEFAULT CHARSET=utf8;

--
-- Dumping data for table `pjtfu_widgetkit_widget`
--

INSERT INTO `pjtfu_widgetkit_widget` VALUES (7,'slideset','default','46 Kundrecensioner','{\"type\":\"slideset\",\"id\":7,\"name\":\"46 Kundrecensioner\",\"settings\":{\"style\":\"default\",\"width\":\"auto\",\"height\":\"auto\",\"effect\":\"drops\",\"index\":0,\"autoplay\":1,\"interval\":15000,\"items_per_set\":1,\"navigation\":1,\"buttons\":1,\"title\":0,\"duration\":600},\"style\":\"default\",\"items\":{\"585cf8596ea5a\":{\"title\":\"Kjell Olsson, T\\u00e4by Stall & Foder:\",\"set\":\"Kjell Olsson, T\\u00e4by Stall & Foder:\",\"content\":\"<div><img src=\\\"images-joomla\\/stories\\/46-images\\/Kjell_olsson.jpg\\\" alt=\\\"Kjell olsson\\\" width=\\\"138\\\" height=\\\"159\\\" style=\\\"float: left;\\\" \\/><\\/div>\\r\\n<div style=\\\"text-align: left;\\\"><br \\/><br \\/><br \\/><br \\/><br \\/><br \\/><br \\/><br \\/><strong>Kjell Olsson, T\\u00e4by Stall&amp;Foder:<\\/strong><br \\/><br \\/>\\\"Vi har r\\u00e4knat foderstater med hj\\u00e4lp av PC-Horse \\u00e5t v\\u00e5ra kunder i m\\u00e5nga \\u00e5r, n\\u00e4stan dagligen. F\\u00f6r oss \\u00e4r det en viktig del av v\\u00e5rt servicekoncept. Att v\\u00e5ra kunder uppskattar tryggheten och objektiviteten i v\\u00e5r r\\u00e5dgivning f\\u00e5r vi bevis f\\u00f6r varje dag. Samtalen kring utfodringen av deras h\\u00e4star blir b\\u00e5de roligare och intressantare n\\u00e4r de kan baseras p\\u00e5 fakta och j\\u00e4mf\\u00f6relser. I synnerhet nu n\\u00e4r antalet produkter f\\u00f6r h\\u00e4stfoder blir allt fler p\\u00e5 marknaden.<\\/div>\\r\\n<div style=\\\"text-align: left;\\\">&nbsp;&nbsp;&nbsp; PC-Horse \\u00e4r ju faktiskt det enda verktyget som h\\u00e5ller professionell klass och bygger p\\u00e5 vetenskaplig grund. Speciellt viktigt och bekv\\u00e4mt \\u00e4r det att de stora leverant\\u00f6rernas analyser hela tiden uppdateras l\\u00f6pande. Jag kan alltid vara s\\u00e4ker p\\u00e5 att jag har de senaste foderuppgifterna p\\u00e5 plats. <br \\/>&nbsp;&nbsp;&nbsp; Framf\\u00f6r allt \\u00e4r det ju s\\u00e5 enkelt att arbeta i - verkligen anv\\u00e4ndarv\\u00e4nligt.\\\"<span style=\\\"border-radius: 2px; text-indent: 20px; width: auto; padding: 0px 4px 0px 0px; text-align: center; font: bold 11px\\/20px \'Helvetica Neue\',Helvetica,sans-serif; color: #ffffff; background: #bd081c  no-repeat scroll 3px 50% \\/ 14px 14px; position: absolute; opacity: 1; z-index: 8675309; display: none; cursor: pointer;\\\">Save<\\/span><span style=\\\"border-radius: 2px; text-indent: 20px; width: auto; padding: 0px 4px 0px 0px; text-align: center; font: bold 11px\\/20px \'Helvetica Neue\',Helvetica,sans-serif; color: #ffffff; background: #bd081c  no-repeat scroll 3px 50% \\/ 14px 14px; position: absolute; opacity: 1; z-index: 8675309; display: none; cursor: pointer; top: 23px; left: 23px;\\\">Save<\\/span><\\/div>\\r\\n<span style=\\\"border-radius: 2px; text-indent: 20px; width: auto; padding: 0px 4px 0px 0px; text-align: center; font: bold 11px\\/20px \'Helvetica Neue\',Helvetica,sans-serif; color: #ffffff; background: #bd081c  no-repeat scroll 3px 50% \\/ 14px 14px; position: absolute; opacity: 1; z-index: 8675309; display: none; cursor: pointer;\\\">Save<\\/span><span style=\\\"border-radius: 2px; text-indent: 20px; width: auto; padding: 0px 4px 0px 0px; text-align: center; font: bold 11px\\/20px \'Helvetica Neue\',Helvetica,sans-serif; color: #ffffff; background: #bd081c  no-repeat scroll 3px 50% \\/ 14px 14px; position: absolute; opacity: 1; z-index: 8675309; display: none; cursor: pointer; top: 23px; left: 23px;\\\">Save<\\/span><span style=\\\"border-radius: 2px; text-indent: 20px; width: auto; padding: 0px 4px 0px 0px; text-align: center; font: bold 11px\\/20px \'Helvetica Neue\',Helvetica,sans-serif; color: #ffffff; background: #bd081c  no-repeat scroll 3px 50% \\/ 14px 14px; position: absolute; opacity: 1; z-index: 8675309; display: none; cursor: pointer; top: 23px; left: 23px;\\\">Save<\\/span><span style=\\\"border-radius: 2px; text-indent: 20px; width: auto; padding: 0px 4px 0px 0px; text-align: center; font: bold 11px\\/20px \'Helvetica Neue\',Helvetica,sans-serif; color: #ffffff; background: #bd081c  no-repeat scroll 3px 50% \\/ 14px 14px; position: absolute; opacity: 1; z-index: 8675309; display: none; cursor: pointer;\\\">Save<\\/span><span style=\\\"border-radius: 2px; text-indent: 20px; width: auto; padding: 0px 4px 0px 0px; text-align: center; font: bold 11px\\/20px \'Helvetica Neue\',Helvetica,sans-serif; color: #ffffff; background: #bd081c  no-repeat scroll 3px 50% \\/ 14px 14px; position: absolute; opacity: 1; z-index: 8675309; display: none; cursor: pointer; top: 23px; left: 23px;\\\">Save<\\/span><span style=\\\"border-radius: 2px; text-indent: 20px; width: auto; padding: 0px 4px 0px 0px; text-align: center; font: bold 11px\\/20px \'Helvetica Neue\',Helvetica,sans-serif; color: #ffffff; background: #bd081c  no-repeat scroll 3px 50% \\/ 14px 14px; position: absolute; opacity: 1; z-index: 8675309; display: none; cursor: pointer;\\\">Save<\\/span><span style=\\\"border-radius: 2px; text-indent: 20px; width: auto; padding: 0px 4px 0px 0px; text-align: center; font: bold 11px\\/20px \'Helvetica Neue\',Helvetica,sans-serif; color: #ffffff; background: #bd081c  no-repeat scroll 3px 50% \\/ 14px 14px; position: absolute; opacity: 1; z-index: 8675309; display: none; cursor: pointer;\\\">Save<\\/span><span style=\\\"border-radius: 2px; text-indent: 20px; width: auto; padding: 0px 4px 0px 0px; text-align: center; font: bold 11px\\/20px \'Helvetica Neue\',Helvetica,sans-serif; color: #ffffff; background: #bd081c  no-repeat scroll 3px 50% \\/ 14px 14px; position: absolute; opacity: 1; z-index: 8675309; display: none; cursor: pointer; top: 51px; left: 23px;\\\">Save<\\/span><span style=\\\"border-radius: 2px; text-indent: 20px; width: auto; padding: 0px 4px 0px 0px; text-align: center; font: bold 11px\\/20px \'Helvetica Neue\',Helvetica,sans-serif; color: #ffffff; background: #bd081c  no-repeat scroll 3px 50% \\/ 14px 14px; position: absolute; opacity: 1; z-index: 8675309; display: none; cursor: pointer;\\\">Save<\\/span><span style=\\\"border-radius: 2px; text-indent: 20px; width: auto; padding: 0px 4px 0px 0px; text-align: center; font: bold 11px\\/20px \'Helvetica Neue\',Helvetica,sans-serif; color: #ffffff; background: #bd081c  no-repeat scroll 3px 50% \\/ 14px 14px; position: absolute; opacity: 1; z-index: 8675309; display: none; cursor: pointer; top: 23px; left: 23px;\\\">Save<\\/span><span style=\\\"border-radius: 2px; text-indent: 20px; width: auto; padding: 0px 4px 0px 0px; text-align: center; font: bold 11px\\/20px \'Helvetica Neue\',Helvetica,sans-serif; color: #ffffff; background: #bd081c  no-repeat scroll 3px 50% \\/ 14px 14px; position: absolute; opacity: 1; z-index: 8675309; display: none; cursor: pointer;\\\">Save<\\/span><span style=\\\"border-radius: 2px; text-indent: 20px; width: auto; padding: 0px 4px 0px 0px; text-align: center; font: bold 11px\\/20px \'Helvetica Neue\',Helvetica,sans-serif; color: #ffffff; background: #bd081c  no-repeat scroll 3px 50% \\/ 14px 14px; position: absolute; opacity: 1; z-index: 8675309; display: none; cursor: pointer; top: 23px; left: 23px;\\\">Save<\\/span><span style=\\\"border-radius: 2px; text-indent: 20px; width: auto; padding: 0px 4px 0px 0px; text-align: center; font: bold 11px\\/20px \'Helvetica Neue\',Helvetica,sans-serif; color: #ffffff; background: #bd081c  no-repeat scroll 3px 50% \\/ 14px 14px; position: absolute; opacity: 1; z-index: 8675309; display: none; cursor: pointer; top: 23px; left: 23px;\\\">Save<\\/span><span style=\\\"border-radius: 2px; text-indent: 20px; width: auto; padding: 0px 4px 0px 0px; text-align: center; font: bold 11px\\/20px \'Helvetica Neue\',Helvetica,sans-serif; color: #ffffff; background: #bd081c  no-repeat scroll 3px 50% \\/ 14px 14px; position: absolute; opacity: 1; z-index: 8675309; display: none; cursor: pointer; top: 23px; left: 23px;\\\">Save<\\/span><span style=\\\"border-radius: 2px; text-indent: 20px; width: auto; padding: 0px 4px 0px 0px; text-align: center; font: bold 11px\\/20px \'Helvetica Neue\',Helvetica,sans-serif; color: #ffffff; background: #bd081c  no-repeat scroll 3px 50% \\/ 14px 14px; position: absolute; opacity: 1; z-index: 8675309; display: none; cursor: pointer;\\\">Save<\\/span><span style=\\\"border-radius: 2px; text-indent: 20px; width: auto; padding: 0px 4px 0px 0px; text-align: center; font: bold 11px\\/20px \'Helvetica Neue\',Helvetica,sans-serif; color: #ffffff; background: #bd081c  no-repeat scroll 3px 50% \\/ 14px 14px; position: absolute; opacity: 1; z-index: 8675309; display: none; cursor: pointer;\\\">Save<\\/span><span style=\\\"border-radius: 2px; text-indent: 20px; width: auto; padding: 0px 4px 0px 0px; text-align: center; font: bold 11px\\/20px \'Helvetica Neue\',Helvetica,sans-serif; color: #ffffff; background: #bd081c  no-repeat scroll 3px 50% \\/ 14px 14px; position: absolute; opacity: 1; z-index: 8675309; display: none; cursor: pointer;\\\">Save<\\/span><span style=\\\"border-radius: 2px; text-indent: 20px; width: auto; padding: 0px 4px 0px 0px; text-align: center; font: bold 11px\\/20px \'Helvetica Neue\',Helvetica,sans-serif; color: #ffffff; background: #bd081c  no-repeat scroll 3px 50% \\/ 14px 14px; position: absolute; opacity: 1; z-index: 8675309; display: none; cursor: pointer;\\\">Save<\\/span><span style=\\\"border-radius: 2px; text-indent: 20px; width: auto; padding: 0px 4px 0px 0px; text-align: center; font: bold 11px\\/20px \'Helvetica Neue\',Helvetica,sans-serif; color: #ffffff; background: #bd081c  no-repeat scroll 3px 50% \\/ 14px 14px; position: absolute; opacity: 1; z-index: 8675309; display: none; cursor: pointer;\\\">Save<\\/span><span style=\\\"border-radius: 2px; text-indent: 20px; width: auto; padding: 0px 4px 0px 0px; text-align: center; font: bold 11px\\/20px \'Helvetica Neue\',Helvetica,sans-serif; color: #ffffff; background: #bd081c  no-repeat scroll 3px 50% \\/ 14px 14px; position: absolute; opacity: 1; z-index: 8675309; display: none; cursor: pointer;\\\">Save<\\/span><span style=\\\"border-radius: 2px; text-indent: 20px; width: auto; padding: 0px 4px 0px 0px; text-align: center; font: bold 11px\\/20px \'Helvetica Neue\',Helvetica,sans-serif; color: #ffffff; background: #bd081c  no-repeat scroll 3px 50% \\/ 14px 14px; position: absolute; opacity: 1; z-index: 8675309; display: none; cursor: pointer;\\\">Save<\\/span><span style=\\\"border-radius: 2px; text-indent: 20px; width: auto; padding: 0px 4px 0px 0px; text-align: center; font: bold 11px\\/20px \'Helvetica Neue\',Helvetica,sans-serif; color: #ffffff; background: #bd081c  no-repeat scroll 3px 50% \\/ 14px 14px; position: absolute; opacity: 1; z-index: 8675309; display: none; cursor: pointer; top: 23px; left: 23px;\\\">Save<\\/span>\"},\"5879e3c7ceaed\":{\"title\":\"Lena \\u00d6rnberg, Foderr\\u00e5dgivare och f\\u00f6rel\\u00e4sare i Halmstad\",\"set\":\"Lena \\u00d6rnberg, Foderr\\u00e5dgivare och f\\u00f6rel\\u00e4sare i Halmstad\",\"content\":\"<p><img src=\\\"images-joomla\\/stories\\/pchimages\\/LenaOrnberg.jpg\\\" alt=\\\"LenaOrnberg\\\" style=\\\"float: left;\\\" \\/><\\/p>\\r\\n<p><br \\/><br \\/><br \\/><br \\/><\\/p>\\r\\n<div style=\\\"text-align: left;\\\"><strong><br \\/>Lena \\u00d6rnberg, Foderr\\u00e5dgivare och f\\u00f6rel\\u00e4sare:<\\/strong><br \\/>\\\"I mitt arbete som foderr\\u00e5dgivare, l\\u00e4rare och f\\u00f6redragsh\\u00e5llare om h\\u00e4stutfodring \\u00e4r PC-Horse ett fantastiskt hj\\u00e4lpmedel. Att f\\u00f6r intresserade h\\u00e4stm\\u00e4nniskor, unga som gamla, kunniga som okunniga, kunna \\u00e5sk\\u00e5dligg\\u00f6ra foderber\\u00e4kning p\\u00e5 ett s\\u00e5 klarg\\u00f6rande s\\u00e4tt \\u00e4r guld v\\u00e4rt och skapar genast ett intresse. F\\u00f6rr sattes elever att r\\u00e4kna f\\u00f6r hand eller med kalkylator och att sl\\u00e5 i tabeller. Nu kommer man snabbt till ett resultat, som kan varieras tills man \\u00e4r helt n\\u00f6jd.<\\/div>\\r\\n<div style=\\\"text-align: left;\\\">&nbsp;&nbsp;&nbsp; En funktion visar de olika fodrens bidrag till foderstaten. Att s\\u00e5 tydligt kunna p\\u00e5visa grovfodret enorma betydelse f\\u00f6r h\\u00e4sten \\u00e4r oerh\\u00f6rt bra. I synnerhet som m\\u00e5nga idag utfodrar med en h\\u00f6g giva kraftfoder och ett stort antal tillskottsfoder, \'f\\u00f6r s\\u00e4kerhets skull\'.&nbsp; Jag menar att den h\\u00e4r funktionen i programmet \\u00e4r extra v\\u00e4rdefull. <br \\/>&nbsp;&nbsp;&nbsp; Det ska var kul att g\\u00f6ra foderstater och det ser PC-horse till, med r\\u00e5ge!\\\"<br \\/><br \\/><br \\/><\\/div>\\r\\n<span style=\\\"border-radius: 2px; text-indent: 20px; width: auto; padding: 0px 4px 0px 0px; text-align: center; font: bold 11px\\/20px \'Helvetica Neue\',Helvetica,sans-serif; color: #ffffff; background: #bd081c  no-repeat scroll 3px 50% \\/ 14px 14px; position: absolute; opacity: 1; z-index: 8675309; display: none; cursor: pointer;\\\">Save<\\/span><span style=\\\"border-radius: 2px; text-indent: 20px; width: auto; padding: 0px 4px 0px 0px; text-align: center; font: bold 11px\\/20px \'Helvetica Neue\',Helvetica,sans-serif; color: #ffffff; background: #bd081c  no-repeat scroll 3px 50% \\/ 14px 14px; position: absolute; opacity: 1; z-index: 8675309; display: none; cursor: pointer;\\\">Save<\\/span><span style=\\\"border-radius: 2px; text-indent: 20px; width: auto; padding: 0px 4px 0px 0px; text-align: center; font: bold 11px\\/20px \'Helvetica Neue\',Helvetica,sans-serif; color: #ffffff; background: #bd081c  no-repeat scroll 3px 50% \\/ 14px 14px; position: absolute; opacity: 1; z-index: 8675309; display: none; cursor: pointer;\\\">Save<\\/span><span style=\\\"border-radius: 2px; text-indent: 20px; width: auto; padding: 0px 4px 0px 0px; text-align: center; font: bold 11px\\/20px \'Helvetica Neue\',Helvetica,sans-serif; color: #ffffff; background: #bd081c  no-repeat scroll 3px 50% \\/ 14px 14px; position: absolute; opacity: 1; z-index: 8675309; display: none; cursor: pointer;\\\">Save<\\/span><span style=\\\"border-radius: 2px; text-indent: 20px; width: auto; padding: 0px 4px 0px 0px; text-align: center; font: bold 11px\\/20px \'Helvetica Neue\',Helvetica,sans-serif; color: #ffffff; background: #bd081c  no-repeat scroll 3px 50% \\/ 14px 14px; position: absolute; opacity: 1; z-index: 8675309; display: none; cursor: pointer;\\\">Save<\\/span><span style=\\\"border-radius: 2px; text-indent: 20px; width: auto; padding: 0px 4px 0px 0px; text-align: center; font: bold 11px\\/20px \'Helvetica Neue\',Helvetica,sans-serif; color: #ffffff; background: #bd081c  no-repeat scroll 3px 50% \\/ 14px 14px; position: absolute; opacity: 1; z-index: 8675309; display: none; cursor: pointer;\\\">Save<\\/span><span style=\\\"border-radius: 2px; text-indent: 20px; width: auto; padding: 0px 4px 0px 0px; text-align: center; font: bold 11px\\/20px \'Helvetica Neue\',Helvetica,sans-serif; color: #ffffff; background: #bd081c  no-repeat scroll 3px 50% \\/ 14px 14px; position: absolute; opacity: 1; z-index: 8675309; display: none; cursor: pointer;\\\">Save<\\/span><span style=\\\"border-radius: 2px; text-indent: 20px; width: auto; padding: 0px 4px 0px 0px; text-align: center; font: bold 11px\\/20px \'Helvetica Neue\',Helvetica,sans-serif; color: #ffffff; background: #bd081c  no-repeat scroll 3px 50% \\/ 14px 14px; position: absolute; opacity: 1; z-index: 8675309; display: none; cursor: pointer;\\\">Save<\\/span><span style=\\\"border-radius: 2px; text-indent: 20px; width: auto; padding: 0px 4px 0px 0px; text-align: center; font: bold 11px\\/20px \'Helvetica Neue\',Helvetica,sans-serif; color: #ffffff; background: #bd081c  no-repeat scroll 3px 50% \\/ 14px 14px; position: absolute; opacity: 1; z-index: 8675309; display: none; cursor: pointer;\\\">Save<\\/span><span style=\\\"border-radius: 2px; text-indent: 20px; width: auto; padding: 0px 4px 0px 0px; text-align: center; font: bold 11px\\/20px \'Helvetica Neue\',Helvetica,sans-serif; color: #ffffff; background: #bd081c  no-repeat scroll 3px 50% \\/ 14px 14px; position: absolute; opacity: 1; z-index: 8675309; display: none; cursor: pointer;\\\">Save<\\/span><span style=\\\"border-radius: 2px; text-indent: 20px; width: auto; padding: 0px 4px 0px 0px; text-align: center; font: bold 11px\\/20px \'Helvetica Neue\',Helvetica,sans-serif; color: #ffffff; background: #bd081c  no-repeat scroll 3px 50% \\/ 14px 14px; position: absolute; opacity: 1; z-index: 8675309; display: none; cursor: pointer;\\\">Save<\\/span><span style=\\\"border-radius: 2px; text-indent: 20px; width: auto; padding: 0px 4px 0px 0px; text-align: center; font: bold 11px\\/20px \'Helvetica Neue\',Helvetica,sans-serif; color: #ffffff; background: #bd081c  no-repeat scroll 3px 50% \\/ 14px 14px; position: absolute; opacity: 1; z-index: 8675309; display: none; cursor: pointer;\\\">Save<\\/span><span style=\\\"border-radius: 2px; text-indent: 20px; width: auto; padding: 0px 4px 0px 0px; text-align: center; font: bold 11px\\/20px \'Helvetica Neue\',Helvetica,sans-serif; color: #ffffff; background: #bd081c  no-repeat scroll 3px 50% \\/ 14px 14px; position: absolute; opacity: 1; z-index: 8675309; display: none; cursor: pointer;\\\">Save<\\/span><span style=\\\"border-radius: 2px; text-indent: 20px; width: auto; padding: 0px 4px 0px 0px; text-align: center; font: bold 11px\\/20px \'Helvetica Neue\',Helvetica,sans-serif; color: #ffffff; background: #bd081c  no-repeat scroll 3px 50% \\/ 14px 14px; position: absolute; opacity: 1; z-index: 8675309; display: none; cursor: pointer;\\\">Save<\\/span><span style=\\\"border-radius: 2px; text-indent: 20px; width: auto; padding: 0px 4px 0px 0px; text-align: center; font: bold 11px\\/20px \'Helvetica Neue\',Helvetica,sans-serif; color: #ffffff; background: #bd081c  no-repeat scroll 3px 50% \\/ 14px 14px; position: absolute; opacity: 1; z-index: 8675309; display: none; cursor: pointer;\\\">Save<\\/span><span style=\\\"border-radius: 2px; text-indent: 20px; width: auto; padding: 0px 4px 0px 0px; text-align: center; font: bold 11px\\/20px \'Helvetica Neue\',Helvetica,sans-serif; color: #ffffff; background: #bd081c  no-repeat scroll 3px 50% \\/ 14px 14px; position: absolute; opacity: 1; z-index: 8675309; display: none; cursor: pointer;\\\">Save<\\/span><span style=\\\"border-radius: 2px; text-indent: 20px; width: auto; padding: 0px 4px 0px 0px; text-align: center; font: bold 11px\\/20px \'Helvetica Neue\',Helvetica,sans-serif; color: #ffffff; background: #bd081c  no-repeat scroll 3px 50% \\/ 14px 14px; position: absolute; opacity: 1; z-index: 8675309; display: none; cursor: pointer;\\\">Save<\\/span><span style=\\\"border-radius: 2px; text-indent: 20px; width: auto; padding: 0px 4px 0px 0px; text-align: center; font: bold 11px\\/20px \'Helvetica Neue\',Helvetica,sans-serif; color: #ffffff; background: #bd081c  no-repeat scroll 3px 50% \\/ 14px 14px; position: absolute; opacity: 1; z-index: 8675309; display: none; cursor: pointer;\\\">Save<\\/span><span style=\\\"border-radius: 2px; text-indent: 20px; width: auto; padding: 0px 4px 0px 0px; text-align: center; font: bold 11px\\/20px \'Helvetica Neue\',Helvetica,sans-serif; color: #ffffff; background: #bd081c  no-repeat scroll 3px 50% \\/ 14px 14px; position: absolute; opacity: 1; z-index: 8675309; display: none; cursor: pointer;\\\">Save<\\/span><span style=\\\"border-radius: 2px; text-indent: 20px; width: auto; padding: 0px 4px 0px 0px; text-align: center; font: bold 11px\\/20px \'Helvetica Neue\',Helvetica,sans-serif; color: #ffffff; background: #bd081c  no-repeat scroll 3px 50% \\/ 14px 14px; position: absolute; opacity: 1; z-index: 8675309; display: none; cursor: pointer;\\\">Save<\\/span><span style=\\\"border-radius: 2px; text-indent: 20px; width: auto; padding: 0px 4px 0px 0px; text-align: center; font: bold 11px\\/20px \'Helvetica Neue\',Helvetica,sans-serif; color: #ffffff; background: #bd081c  no-repeat scroll 3px 50% \\/ 14px 14px; position: absolute; opacity: 1; z-index: 8675309; display: none; cursor: pointer;\\\">Save<\\/span><span style=\\\"border-radius: 2px; text-indent: 20px; width: auto; padding: 0px 4px 0px 0px; text-align: center; font: bold 11px\\/20px \'Helvetica Neue\',Helvetica,sans-serif; color: #ffffff; background: #bd081c  no-repeat scroll 3px 50% \\/ 14px 14px; position: absolute; opacity: 1; z-index: 8675309; display: none; cursor: pointer;\\\">Save<\\/span><span style=\\\"border-radius: 2px; text-indent: 20px; width: auto; padding: 0px 4px 0px 0px; text-align: center; font: bold 11px\\/20px \'Helvetica Neue\',Helvetica,sans-serif; color: #ffffff; background: #bd081c  no-repeat scroll 3px 50% \\/ 14px 14px; position: absolute; opacity: 1; z-index: 8675309; display: none; cursor: pointer;\\\">Save<\\/span><span style=\\\"border-radius: 2px; text-indent: 20px; width: auto; padding: 0px 4px 0px 0px; text-align: center; font: bold 11px\\/20px \'Helvetica Neue\',Helvetica,sans-serif; color: #ffffff; background: #bd081c  no-repeat scroll 3px 50% \\/ 14px 14px; position: absolute; opacity: 1; z-index: 8675309; display: none; cursor: pointer;\\\">Save<\\/span><span style=\\\"border-radius: 2px; text-indent: 20px; width: auto; padding: 0px 4px 0px 0px; text-align: center; font: bold 11px\\/20px \'Helvetica Neue\',Helvetica,sans-serif; color: #ffffff; background: #bd081c  no-repeat scroll 3px 50% \\/ 14px 14px; position: absolute; opacity: 1; z-index: 8675309; display: none; cursor: pointer;\\\">Save<\\/span><span style=\\\"border-radius: 2px; text-indent: 20px; width: auto; padding: 0px 4px 0px 0px; text-align: center; font: bold 11px\\/20px \'Helvetica Neue\',Helvetica,sans-serif; color: #ffffff; background: #bd081c  no-repeat scroll 3px 50% \\/ 14px 14px; position: absolute; opacity: 1; z-index: 8675309; display: none; cursor: pointer;\\\">Save<\\/span><span style=\\\"border-radius: 2px; text-indent: 20px; width: auto; padding: 0px 4px 0px 0px; text-align: center; font: bold 11px\\/20px \'Helvetica Neue\',Helvetica,sans-serif; color: #ffffff; background: #bd081c  no-repeat scroll 3px 50% \\/ 14px 14px; position: absolute; opacity: 1; z-index: 8675309; display: none; cursor: pointer;\\\">Save<\\/span><span style=\\\"border-radius: 2px; text-indent: 20px; width: auto; padding: 0px 4px 0px 0px; text-align: center; font: bold 11px\\/20px \'Helvetica Neue\',Helvetica,sans-serif; color: #ffffff; background: #bd081c  no-repeat scroll 3px 50% \\/ 14px 14px; position: absolute; opacity: 1; z-index: 8675309; display: none; cursor: pointer;\\\">Save<\\/span>\"},\"588a13a8c931f\":{\"title\":\"Eva Isacsson Sjunnesson\",\"set\":\"Eva Isacsson Sjunnesson\",\"content\":\"<div style=\\\"text-align: left;\\\"><img src=\\\"images-joomla\\/stories\\/46-images\\/Evamedfoal.jpg\\\" alt=\\\"Eva Isacsson Sjunnesson\\\" width=\\\"142\\\" \\/><\\/div>\\r\\n<div style=\\\"text-align: left;\\\"><strong>Eva Isacsson Sjunnesson, HorseNature - uppf\\u00f6dning av galopph\\u00e4star:<\\/strong><\\/div>\\r\\n<div style=\\\"text-align: left;\\\">\\\"Eftersom vi f\\u00f6der upp engelska fullblod som ska h\\u00f6gprestera under sin blivande karri\\u00e4r utfodrar vi aldrig p\\u00e5 en h\\u00f6ft, eller av gammal vana. F\\u00f6rutom den dagliga kontrollen av samtliga h\\u00e4star r\\u00e4knar vi individuella foderstater med hj\\u00e4lp av PC-Horse.<\\/div>\\r\\n<div style=\\\"text-align: left;\\\">&nbsp;&nbsp;&nbsp;&nbsp; Speciellt viktigt \\u00e4r det att f\\u00f6lja avelstona under dr\\u00e4ktigheten, digivningen och sedan f\\u00f6lja f\\u00f6len genom den viktiga tillv\\u00e4xtperioden fram till \\u00e5ringsauktionen.<\\/div>\\r\\n<div style=\\\"text-align: left;\\\">&nbsp;&nbsp;&nbsp;&nbsp; Med hj\\u00e4lp av foderstatsber\\u00e4kningarna f\\u00e5r vi koll p\\u00e5 kostnader och kan j\\u00e4mf\\u00f6ra n\\u00e4ringsinneh\\u00e5ll mellan olika kraft- och tillskottsfoder. Vi beg\\u00e4r alltid grovfoderanalyser f\\u00f6r att veta vad vi ska komplettera med. N\\u00e4r fodertillverkarna \\u00e4ndrar sina analyser f\\u00e5r vi direkt veta detta och kan \\u00e4ndra stallets foder n\\u00e4r det \\u00e4r l\\u00e4mpligt. Sj\\u00e4lvklart h\\u00e5ller vi koll p\\u00e5 analyserna och st\\u00e4ller krav p\\u00e5 s\\u00e5v\\u00e4l v\\u00e5ra grovfoderleverant\\u00f6rer som de kraftfoder och tillskottsfoder som vi anv\\u00e4nder.\\\"<span style=\\\"border-radius: 2px; text-indent: 20px; width: auto; padding: 0px 4px 0px 0px; text-align: center; font: bold 11px\\/20px \'Helvetica Neue\',Helvetica,sans-serif; color: #ffffff; background: #bd081c  no-repeat scroll 3px 50% \\/ 14px 14px; position: absolute; opacity: 1; z-index: 8675309; display: none; cursor: pointer; top: 23px; left: 23px;\\\">Save<\\/span><\\/div>\\r\\n<span style=\\\"border-radius: 2px; text-indent: 20px; width: auto; padding: 0px 4px 0px 0px; text-align: center; font: bold 11px\\/20px \'Helvetica Neue\',Helvetica,sans-serif; color: #ffffff; background: #bd081c  no-repeat scroll 3px 50% \\/ 14px 14px; position: absolute; opacity: 1; z-index: 8675309; display: none; cursor: pointer; top: 23px; left: 23px;\\\">Save<\\/span><span style=\\\"border-radius: 2px; text-indent: 20px; width: auto; padding: 0px 4px 0px 0px; text-align: center; font: bold 11px\\/20px \'Helvetica Neue\',Helvetica,sans-serif; color: #ffffff; background: #bd081c  no-repeat scroll 3px 50% \\/ 14px 14px; position: absolute; opacity: 1; z-index: 8675309; display: none; cursor: pointer;\\\">Save<\\/span><span style=\\\"border-radius: 2px; text-indent: 20px; width: auto; padding: 0px 4px 0px 0px; text-align: center; font: bold 11px\\/20px \'Helvetica Neue\',Helvetica,sans-serif; color: #ffffff; background: #bd081c  no-repeat scroll 3px 50% \\/ 14px 14px; position: absolute; opacity: 1; z-index: 8675309; display: none; cursor: pointer; top: 23px; left: 23px;\\\">Save<\\/span>\"}}}','2016-12-23 10:12:55','2017-01-26 15:51:56'),(8,'accordion','default','test','{\"type\":\"accordion\",\"id\":0,\"name\":\"test\",\"settings\":{\"style\":\"default\",\"collapseall\":1,\"matchheight\":1,\"index\":0,\"duration\":500,\"width\":\"auto\",\"order\":\"default\"},\"style\":\"default\",\"items\":{\"58886db0039e5\":{\"title\":\"Test\",\"content\":\"xx\"}}}','2017-01-25 09:20:07','2017-01-25 09:20:07'),(10,'slideshow','default','garantifoder','{\"type\":\"slideshow\",\"id\":10,\"name\":\"garantifoder\",\"settings\":{\"style\":\"default\",\"autoplay\":1,\"interval\":5000,\"width\":\"auto\",\"height\":\"auto\",\"duration\":500,\"index\":0,\"order\":\"default\",\"navigation\":1,\"buttons\":1,\"slices\":20,\"animated\":\"fade\",\"caption_animation_duration\":500},\"style\":\"default\",\"items\":{\"5889ad26b3261\":{\"title\":\"Lantm\\u00e4nnen Krafft\",\"content\":\"<img src=\\\"\\/images-joomla\\/stories\\/banners\\/46garantifoder\\/b1-krafft.jpg\\\" alt=\\\"b1 krafft\\\" \\/>\",\"caption\":\"\"},\"5889ad386b575\":{\"title\":\"Svensk Foder\",\"content\":\"<img src=\\\"\\/images-joomla\\/stories\\/banners\\/46garantifoder\\/b3-hippo.jpg\\\" alt=\\\"b3 hippo\\\" style=\\\"height: 200px; width: 300px;\\\" \\/>\",\"caption\":\"\"},\"5889ad4602afd\":{\"title\":\"RS-Mustang\",\"content\":\"<img src=\\\"\\/images-joomla\\/stories\\/banners\\/46garantifoder\\/b5-rsmustang.jpg\\\" alt=\\\"b5 rsmustang\\\" \\/>\",\"caption\":\"\"},\"5889ad5192118\":{\"title\":\"Granng\\u00e5rden\",\"content\":\"<img src=\\\"\\/images-joomla\\/stories\\/banners\\/46garantifoder\\/b8-granngarden.jpg\\\" alt=\\\"b8 granngarden\\\" \\/>\",\"caption\":\"\"},\"5889ad5bd2769\":{\"title\":\"Edel - AB Johan Hansson\",\"content\":\"<img src=\\\"\\/images-joomla\\/stories\\/banners\\/46garantifoder\\/b6-edel.jpg\\\" alt=\\\"b6 edel\\\" \\/>\",\"caption\":\"\"},\"5889ad658727e\":{\"title\":\"Fibergi\",\"content\":\"<img src=\\\"\\/images-joomla\\/stories\\/banners\\/46garantifoder\\/b2-fibergi.jpg\\\" alt=\\\"b2 fibergi\\\" \\/>\",\"caption\":\"\"},\"5889ad6d1ca67\":{\"title\":\"St Hippolyt\",\"content\":\"<img src=\\\"\\/images-joomla\\/stories\\/banners\\/46garantifoder\\/b9-hippolyt.jpg\\\" alt=\\\"b9 hippolyt\\\" \\/>\",\"caption\":\"\"},\"5889ad756a379\":{\"title\":\"TRIKEM\",\"content\":\"<img src=\\\"\\/images-joomla\\/stories\\/banners\\/46garantifoder\\/b13-trikem.jpg\\\" alt=\\\"b13 trikem\\\" \\/>\",\"caption\":\"\"},\"5889ad7e70bb0\":{\"title\":\"Spillers\",\"content\":\"<img src=\\\"\\/images-joomla\\/stories\\/banners\\/46garantifoder\\/b14-spillers.jpg\\\" alt=\\\"b14 spillers\\\" \\/>\",\"caption\":\"\"},\"5889ad88bffff\":{\"title\":\"Dangro\",\"content\":\"<img src=\\\"\\/images-joomla\\/stories\\/banners\\/46garantifoder\\/b16-gain.jpg\\\" alt=\\\"b16 gain\\\" \\/>\",\"caption\":\"\"},\"5889ad8ebc689\":{\"title\":\"Equsana\",\"content\":\"<img src=\\\"\\/images-joomla\\/stories\\/banners\\/45gartantifoder\\/45b1-equsana.jpg\\\" alt=\\\"45b1 equsana\\\" \\/>\",\"caption\":\"\"}}}','2017-01-26 08:04:41','2017-01-26 08:20:16');


